{"id":11,"date":"2025-01-26T18:49:09","date_gmt":"2025-01-26T18:49:09","guid":{"rendered":"https:\/\/zenshof.info\/?page_id=11"},"modified":"2025-04-15T11:04:14","modified_gmt":"2025-04-15T11:04:14","slug":"start","status":"publish","type":"page","link":"https:\/\/zenshof.info\/","title":{"rendered":"Start"},"content":{"rendered":"\t\t<div data-elementor-type=\"wp-page\" data-elementor-id=\"11\" class=\"elementor elementor-11\" data-elementor-post-type=\"page\">\n\t\t\t\t<div class=\"elementor-element elementor-element-5f28d0e e-flex e-con-boxed e-con e-parent\" data-id=\"5f28d0e\" data-element_type=\"container\">\n\t\t\t\t\t<div class=\"e-con-inner\">\n\t\t\t\t<div class=\"elementor-element elementor-element-2e85864 elementor-widget elementor-widget-image\" data-id=\"2e85864\" data-element_type=\"widget\" data-widget_type=\"image.default\">\n\t\t\t\t<div class=\"elementor-widget-container\">\n\t\t\t\t\t\t\t\t\t\t\t\t\t\t\t<img fetchpriority=\"high\" decoding=\"async\" width=\"1024\" height=\"155\" src=\"https:\/\/zenshof.info\/wp-content\/uploads\/2025\/01\/Unbenannt-1-1024x155.jpg\" class=\"attachment-large size-large wp-image-16\" alt=\"\" srcset=\"https:\/\/zenshof.info\/wp-content\/uploads\/2025\/01\/Unbenannt-1-1024x155.jpg 1024w, https:\/\/zenshof.info\/wp-content\/uploads\/2025\/01\/Unbenannt-1-300x45.jpg 300w, https:\/\/zenshof.info\/wp-content\/uploads\/2025\/01\/Unbenannt-1-768x116.jpg 768w, https:\/\/zenshof.info\/wp-content\/uploads\/2025\/01\/Unbenannt-1-1536x233.jpg 1536w, https:\/\/zenshof.info\/wp-content\/uploads\/2025\/01\/Unbenannt-1-2048x310.jpg 2048w\" sizes=\"(max-width: 1024px) 100vw, 1024px\" \/>\t\t\t\t\t\t\t\t\t\t\t\t\t\t\t<\/div>\n\t\t\t\t<\/div>\n\t\t\t\t<div class=\"elementor-element elementor-element-fcaf587 elementor-nav-menu__align-center elementor-nav-menu--dropdown-tablet elementor-nav-menu__text-align-aside elementor-nav-menu--toggle elementor-nav-menu--burger elementor-widget elementor-widget-global elementor-global-96 elementor-widget-nav-menu\" data-id=\"fcaf587\" data-element_type=\"widget\" data-settings=\"{&quot;layout&quot;:&quot;horizontal&quot;,&quot;submenu_icon&quot;:{&quot;value&quot;:&quot;fas fa-caret-down&quot;,&quot;library&quot;:&quot;fa-solid&quot;},&quot;toggle&quot;:&quot;burger&quot;}\" data-widget_type=\"nav-menu.default\">\n\t\t\t\t<div class=\"elementor-widget-container\">\n\t\t\t\t\t\t\t\t<nav aria-label=\"Men\u00fc\" class=\"elementor-nav-menu--main elementor-nav-menu__container elementor-nav-menu--layout-horizontal e--pointer-underline e--animation-fade\">\n\t\t\t\t<ul id=\"menu-1-fcaf587\" class=\"elementor-nav-menu\"><li class=\"menu-item menu-item-type-post_type menu-item-object-page menu-item-home menu-item-103 wp-menu-img wp-menu-img-before\"><a href=\"https:\/\/zenshof.info\/\" class=\"elementor-item\"><img loading=\"lazy\" decoding=\"async\" width=\"25\" height=\"25\" src=\"https:\/\/zenshof.info\/wp-content\/uploads\/2025\/01\/Zenshof_Logo-1-150x150.png\" class=\"attachment-25x25 size-25x25\" alt=\"Zenshof_Logo-1.png\" loading=\"lazy\" \/><span>Start<\/span><\/a><\/li>\n<li class=\"menu-item menu-item-type-post_type menu-item-object-page menu-item-121 wp-menu-img wp-menu-img-before\"><a href=\"https:\/\/zenshof.info\/index.php\/zenshof-wiess\/\" class=\"elementor-item\"><img loading=\"lazy\" decoding=\"async\" width=\"25\" height=\"25\" src=\"https:\/\/zenshof.info\/wp-content\/uploads\/2025\/01\/Zenshof-Wiess_logo-150x150.png\" class=\"attachment-25x25 size-25x25\" alt=\"Zenshof-Wiess_logo.png\" loading=\"lazy\" srcset=\"https:\/\/zenshof.info\/wp-content\/uploads\/2025\/01\/Zenshof-Wiess_logo-150x150.png 150w, https:\/\/zenshof.info\/wp-content\/uploads\/2025\/01\/Zenshof-Wiess_logo-600x600.png 600w\" sizes=\"auto, (max-width: 25px) 100vw, 25px\" \/><span>Zenshof Wiess<\/span><\/a><\/li>\n<li class=\"menu-item menu-item-type-post_type menu-item-object-page menu-item-65 wp-menu-img wp-menu-img-before\"><a href=\"https:\/\/zenshof.info\/index.php\/rotfuchs\/\" class=\"elementor-item\"><img loading=\"lazy\" decoding=\"async\" width=\"25\" height=\"25\" src=\"https:\/\/zenshof.info\/wp-content\/uploads\/2025\/01\/RotFUCHS_Menu-150x150.png\" class=\"attachment-25x25 size-25x25\" alt=\"RotFUCHS_Menu.png\" loading=\"lazy\" srcset=\"https:\/\/zenshof.info\/wp-content\/uploads\/2025\/01\/RotFUCHS_Menu-150x150.png 150w, https:\/\/zenshof.info\/wp-content\/uploads\/2025\/01\/RotFUCHS_Menu-300x285.png 300w, https:\/\/zenshof.info\/wp-content\/uploads\/2025\/01\/RotFUCHS_Menu-1024x971.png 1024w, https:\/\/zenshof.info\/wp-content\/uploads\/2025\/01\/RotFUCHS_Menu-768x729.png 768w, https:\/\/zenshof.info\/wp-content\/uploads\/2025\/01\/RotFUCHS_Menu-600x600.png 600w, https:\/\/zenshof.info\/wp-content\/uploads\/2025\/01\/RotFUCHS_Menu.png 1423w\" sizes=\"auto, (max-width: 25px) 100vw, 25px\" \/><span>Zenshof Rotfuchs<\/span><\/a><\/li>\n<li class=\"menu-item menu-item-type-post_type menu-item-object-page menu-item-119 wp-menu-img wp-menu-img-before\"><a href=\"https:\/\/zenshof.info\/index.php\/kontakt\/\" class=\"elementor-item\"><img loading=\"lazy\" decoding=\"async\" width=\"25\" height=\"25\" src=\"https:\/\/zenshof.info\/wp-content\/uploads\/2025\/01\/Kontakt-150x150.png\" class=\"attachment-25x25 size-25x25\" alt=\"Kontakt.png\" loading=\"lazy\" srcset=\"https:\/\/zenshof.info\/wp-content\/uploads\/2025\/01\/Kontakt-150x150.png 150w, https:\/\/zenshof.info\/wp-content\/uploads\/2025\/01\/Kontakt-600x600.png 600w\" sizes=\"auto, (max-width: 25px) 100vw, 25px\" \/><span>Kontakt<\/span><\/a><\/li>\n<li class=\"menu-item menu-item-type-post_type menu-item-object-page menu-item-118 wp-menu-img wp-menu-img-before\"><a href=\"https:\/\/zenshof.info\/index.php\/impressum\/\" class=\"elementor-item\">Impressum<\/a><\/li>\n<\/ul>\t\t\t<\/nav>\n\t\t\t\t\t<div class=\"elementor-menu-toggle\" role=\"button\" tabindex=\"0\" aria-label=\"Menu Toggle\" aria-expanded=\"false\">\n\t\t\t<svg aria-hidden=\"true\" role=\"presentation\" class=\"elementor-menu-toggle__icon--open e-font-icon-svg e-eicon-menu-bar\" viewBox=\"0 0 1000 1000\" xmlns=\"http:\/\/www.w3.org\/2000\/svg\"><path d=\"M104 333H896C929 333 958 304 958 271S929 208 896 208H104C71 208 42 237 42 271S71 333 104 333ZM104 583H896C929 583 958 554 958 521S929 458 896 458H104C71 458 42 487 42 521S71 583 104 583ZM104 833H896C929 833 958 804 958 771S929 708 896 708H104C71 708 42 737 42 771S71 833 104 833Z\"><\/path><\/svg><svg aria-hidden=\"true\" role=\"presentation\" class=\"elementor-menu-toggle__icon--close e-font-icon-svg e-eicon-close\" viewBox=\"0 0 1000 1000\" xmlns=\"http:\/\/www.w3.org\/2000\/svg\"><path d=\"M742 167L500 408 258 167C246 154 233 150 217 150 196 150 179 158 167 167 154 179 150 196 150 212 150 229 154 242 171 254L408 500 167 742C138 771 138 800 167 829 196 858 225 858 254 829L496 587 738 829C750 842 767 846 783 846 800 846 817 842 829 829 842 817 846 804 846 783 846 767 842 750 829 737L588 500 833 258C863 229 863 200 833 171 804 137 775 137 742 167Z\"><\/path><\/svg>\t\t<\/div>\n\t\t\t\t\t<nav class=\"elementor-nav-menu--dropdown elementor-nav-menu__container\" aria-hidden=\"true\">\n\t\t\t\t<ul id=\"menu-2-fcaf587\" class=\"elementor-nav-menu\"><li class=\"menu-item menu-item-type-post_type menu-item-object-page menu-item-home menu-item-103 wp-menu-img wp-menu-img-before\"><a href=\"https:\/\/zenshof.info\/\" class=\"elementor-item\" tabindex=\"-1\"><img loading=\"lazy\" decoding=\"async\" width=\"25\" height=\"25\" src=\"https:\/\/zenshof.info\/wp-content\/uploads\/2025\/01\/Zenshof_Logo-1-150x150.png\" class=\"attachment-25x25 size-25x25\" alt=\"Zenshof_Logo-1.png\" loading=\"lazy\" \/><span>Start<\/span><\/a><\/li>\n<li class=\"menu-item menu-item-type-post_type menu-item-object-page menu-item-121 wp-menu-img wp-menu-img-before\"><a href=\"https:\/\/zenshof.info\/index.php\/zenshof-wiess\/\" class=\"elementor-item\" tabindex=\"-1\"><img loading=\"lazy\" decoding=\"async\" width=\"25\" height=\"25\" src=\"https:\/\/zenshof.info\/wp-content\/uploads\/2025\/01\/Zenshof-Wiess_logo-150x150.png\" class=\"attachment-25x25 size-25x25\" alt=\"Zenshof-Wiess_logo.png\" loading=\"lazy\" srcset=\"https:\/\/zenshof.info\/wp-content\/uploads\/2025\/01\/Zenshof-Wiess_logo-150x150.png 150w, https:\/\/zenshof.info\/wp-content\/uploads\/2025\/01\/Zenshof-Wiess_logo-600x600.png 600w\" sizes=\"auto, (max-width: 25px) 100vw, 25px\" \/><span>Zenshof Wiess<\/span><\/a><\/li>\n<li class=\"menu-item menu-item-type-post_type menu-item-object-page menu-item-65 wp-menu-img wp-menu-img-before\"><a href=\"https:\/\/zenshof.info\/index.php\/rotfuchs\/\" class=\"elementor-item\" tabindex=\"-1\"><img loading=\"lazy\" decoding=\"async\" width=\"25\" height=\"25\" src=\"https:\/\/zenshof.info\/wp-content\/uploads\/2025\/01\/RotFUCHS_Menu-150x150.png\" class=\"attachment-25x25 size-25x25\" alt=\"RotFUCHS_Menu.png\" loading=\"lazy\" srcset=\"https:\/\/zenshof.info\/wp-content\/uploads\/2025\/01\/RotFUCHS_Menu-150x150.png 150w, https:\/\/zenshof.info\/wp-content\/uploads\/2025\/01\/RotFUCHS_Menu-300x285.png 300w, https:\/\/zenshof.info\/wp-content\/uploads\/2025\/01\/RotFUCHS_Menu-1024x971.png 1024w, https:\/\/zenshof.info\/wp-content\/uploads\/2025\/01\/RotFUCHS_Menu-768x729.png 768w, https:\/\/zenshof.info\/wp-content\/uploads\/2025\/01\/RotFUCHS_Menu-600x600.png 600w, https:\/\/zenshof.info\/wp-content\/uploads\/2025\/01\/RotFUCHS_Menu.png 1423w\" sizes=\"auto, (max-width: 25px) 100vw, 25px\" \/><span>Zenshof Rotfuchs<\/span><\/a><\/li>\n<li class=\"menu-item menu-item-type-post_type menu-item-object-page menu-item-119 wp-menu-img wp-menu-img-before\"><a href=\"https:\/\/zenshof.info\/index.php\/kontakt\/\" class=\"elementor-item\" tabindex=\"-1\"><img loading=\"lazy\" decoding=\"async\" width=\"25\" height=\"25\" src=\"https:\/\/zenshof.info\/wp-content\/uploads\/2025\/01\/Kontakt-150x150.png\" class=\"attachment-25x25 size-25x25\" alt=\"Kontakt.png\" loading=\"lazy\" srcset=\"https:\/\/zenshof.info\/wp-content\/uploads\/2025\/01\/Kontakt-150x150.png 150w, https:\/\/zenshof.info\/wp-content\/uploads\/2025\/01\/Kontakt-600x600.png 600w\" sizes=\"auto, (max-width: 25px) 100vw, 25px\" \/><span>Kontakt<\/span><\/a><\/li>\n<li class=\"menu-item menu-item-type-post_type menu-item-object-page menu-item-118 wp-menu-img wp-menu-img-before\"><a href=\"https:\/\/zenshof.info\/index.php\/impressum\/\" class=\"elementor-item\" tabindex=\"-1\">Impressum<\/a><\/li>\n<\/ul>\t\t\t<\/nav>\n\t\t\t\t\t\t<\/div>\n\t\t\t\t<\/div>\n\t\t\t\t\t<\/div>\n\t\t\t\t<\/div>\n\t\t<div class=\"elementor-element elementor-element-b9f05bb e-flex e-con-boxed e-con e-parent\" data-id=\"b9f05bb\" data-element_type=\"container\" data-settings=\"{&quot;background_background&quot;:&quot;classic&quot;}\">\n\t\t\t\t\t<div class=\"e-con-inner\">\n\t\t<div class=\"elementor-element elementor-element-c557313 e-con-full e-flex e-con e-child\" data-id=\"c557313\" data-element_type=\"container\">\n\t\t\t\t<div class=\"elementor-element elementor-element-848fcb8 elementor-widget elementor-widget-heading\" data-id=\"848fcb8\" data-element_type=\"widget\" data-widget_type=\"heading.default\">\n\t\t\t\t<div class=\"elementor-widget-container\">\n\t\t\t\t\t<h3 class=\"elementor-heading-title elementor-size-default\">Willkommen auf dem Zenshof \u2013 Ihrer privaten oberg\u00e4rigen Hausbrauerei in Bedburg-Rath!<\/h3>\t\t\t\t<\/div>\n\t\t\t\t<\/div>\n\t\t\t\t<div class=\"elementor-element elementor-element-e454993 elementor-widget elementor-widget-text-editor\" data-id=\"e454993\" data-element_type=\"widget\" data-widget_type=\"text-editor.default\">\n\t\t\t\t<div class=\"elementor-widget-container\">\n\t\t\t\t\t\t\t\t\t<p>\u00a0Eingebettet in die malerische Landschaft von Bedburg-Rath steht der Zenshof f\u00fcr Tradition, Leidenschaft und echtes Handwerk. Nach dem deutschen Reinheitsgebot von 1516 brauen wir hier mit gr\u00f6\u00dfter Sorgfalt und Liebe zum Detail unsere beiden charaktervollen Biere:<\/p>\t\t\t\t\t\t\t\t<\/div>\n\t\t\t\t<\/div>\n\t\t\t\t<div class=\"elementor-element elementor-element-adc612a elementor-widget elementor-widget-image\" data-id=\"adc612a\" data-element_type=\"widget\" data-widget_type=\"image.default\">\n\t\t\t\t<div class=\"elementor-widget-container\">\n\t\t\t\t\t\t\t\t\t\t\t\t\t\t\t<img decoding=\"async\" width=\"870\" height=\"531\" src=\"https:\/\/zenshof.info\/wp-content\/uploads\/2025\/01\/Zenshof_Orginal.jpg\" class=\"attachment-large size-large wp-image-159\" alt=\"\" srcset=\"https:\/\/zenshof.info\/wp-content\/uploads\/2025\/01\/Zenshof_Orginal.jpg 870w, https:\/\/zenshof.info\/wp-content\/uploads\/2025\/01\/Zenshof_Orginal-300x183.jpg 300w, https:\/\/zenshof.info\/wp-content\/uploads\/2025\/01\/Zenshof_Orginal-768x469.jpg 768w\" sizes=\"(max-width: 870px) 100vw, 870px\" \/>\t\t\t\t\t\t\t\t\t\t\t\t\t\t\t<\/div>\n\t\t\t\t<\/div>\n\t\t\t\t<div class=\"elementor-element elementor-element-e5a8c8c elementor-widget elementor-widget-text-editor\" data-id=\"e5a8c8c\" data-element_type=\"widget\" data-widget_type=\"text-editor.default\">\n\t\t\t\t<div class=\"elementor-widget-container\">\n\t\t\t\t\t\t\t\t\t<p>Jedes Glas erz\u00e4hlt die Geschichte unserer Leidenschaft f\u00fcr ehrliches Brauhandwerk und l\u00e4dt dazu ein, den Geschmack von Heimat und Tradition zu erleben. Besuchen Sie uns und genie\u00dfen Sie den Zenshof \u2013 wo Bier noch mit Herz gemacht wird.<\/p>\t\t\t\t\t\t\t\t<\/div>\n\t\t\t\t<\/div>\n\t\t\t\t<\/div>\n\t\t<div class=\"elementor-element elementor-element-bf9a178 e-con-full e-flex e-con e-child\" data-id=\"bf9a178\" data-element_type=\"container\">\n\t\t<div class=\"elementor-element elementor-element-3924cc8 e-con-full e-flex e-con e-child\" data-id=\"3924cc8\" data-element_type=\"container\">\n\t\t\t\t<div class=\"elementor-element elementor-element-4a2276f elementor-widget elementor-widget-image\" data-id=\"4a2276f\" data-element_type=\"widget\" data-widget_type=\"image.default\">\n\t\t\t\t<div class=\"elementor-widget-container\">\n\t\t\t\t\t\t\t\t\t\t\t\t\t\t\t<img decoding=\"async\" width=\"836\" height=\"1024\" src=\"https:\/\/zenshof.info\/wp-content\/uploads\/2025\/01\/Zenshof-Wiess_logo-836x1024.png\" class=\"attachment-large size-large wp-image-86\" alt=\"\" srcset=\"https:\/\/zenshof.info\/wp-content\/uploads\/2025\/01\/Zenshof-Wiess_logo-836x1024.png 836w, https:\/\/zenshof.info\/wp-content\/uploads\/2025\/01\/Zenshof-Wiess_logo-245x300.png 245w, https:\/\/zenshof.info\/wp-content\/uploads\/2025\/01\/Zenshof-Wiess_logo-768x941.png 768w, https:\/\/zenshof.info\/wp-content\/uploads\/2025\/01\/Zenshof-Wiess_logo.png 957w\" sizes=\"(max-width: 836px) 100vw, 836px\" \/>\t\t\t\t\t\t\t\t\t\t\t\t\t\t\t<\/div>\n\t\t\t\t<\/div>\n\t\t\t\t<div class=\"elementor-element elementor-element-7a10507 elementor-widget elementor-widget-text-editor\" data-id=\"7a10507\" data-element_type=\"widget\" data-widget_type=\"text-editor.default\">\n\t\t\t\t<div class=\"elementor-widget-container\">\n\t\t\t\t\t\t\t\t\t<p style=\"text-align: center;\">Zenshof Wiess \u2013 Ein naturbelassenes, leicht tr\u00fcbes oberg\u00e4riges Bier, das mit seiner Frische und fein abgestimmten Hopfennote jeden Bierliebhaber begeistert.<\/p>\t\t\t\t\t\t\t\t<\/div>\n\t\t\t\t<\/div>\n\t\t\t\t<\/div>\n\t\t<div class=\"elementor-element elementor-element-7ddd81f e-con-full e-flex e-con e-child\" data-id=\"7ddd81f\" data-element_type=\"container\">\n\t\t\t\t<div class=\"elementor-element elementor-element-aaa9770 elementor-widget elementor-widget-image\" data-id=\"aaa9770\" data-element_type=\"widget\" data-widget_type=\"image.default\">\n\t\t\t\t<div class=\"elementor-widget-container\">\n\t\t\t\t\t\t\t\t\t\t\t\t\t\t\t<img loading=\"lazy\" decoding=\"async\" width=\"683\" height=\"1024\" src=\"https:\/\/zenshof.info\/wp-content\/uploads\/2025\/04\/ChatGPT-Image-15.-Apr.-2025-12_59_40-683x1024.png\" class=\"attachment-large size-large wp-image-284\" alt=\"\" srcset=\"https:\/\/zenshof.info\/wp-content\/uploads\/2025\/04\/ChatGPT-Image-15.-Apr.-2025-12_59_40-683x1024.png 683w, https:\/\/zenshof.info\/wp-content\/uploads\/2025\/04\/ChatGPT-Image-15.-Apr.-2025-12_59_40-200x300.png 200w, https:\/\/zenshof.info\/wp-content\/uploads\/2025\/04\/ChatGPT-Image-15.-Apr.-2025-12_59_40-768x1152.png 768w, https:\/\/zenshof.info\/wp-content\/uploads\/2025\/04\/ChatGPT-Image-15.-Apr.-2025-12_59_40.png 1024w\" sizes=\"(max-width: 683px) 100vw, 683px\" \/>\t\t\t\t\t\t\t\t\t\t\t\t\t\t\t<\/div>\n\t\t\t\t<\/div>\n\t\t\t\t<div class=\"elementor-element elementor-element-d99d2a4 elementor-widget elementor-widget-text-editor\" data-id=\"d99d2a4\" data-element_type=\"widget\" data-widget_type=\"text-editor.default\">\n\t\t\t\t<div class=\"elementor-widget-container\">\n\t\t\t\t\t\t\t\t\t<p style=\"text-align: center;\">Rotfuchs \u2013 Ein vollmundiges, bernsteinfarbenes naturtr\u00fcbes Bier mit sanften Malzaromen und einem Hauch von Karamell \u2013 ein wahrer Genussmoment..<\/p>\t\t\t\t\t\t\t\t<\/div>\n\t\t\t\t<\/div>\n\t\t\t\t<\/div>\n\t\t\t\t<\/div>\n\t\t\t\t\t<\/div>\n\t\t\t\t<\/div>\n\t\t\t\t<\/div>\n\t\t","protected":false},"excerpt":{"rendered":"<p>Willkommen auf dem Zenshof \u2013 Ihrer privaten oberg\u00e4rigen Hausbrauerei in Bedburg-Rath! \u00a0Eingebettet in die malerische Landschaft von Bedburg-Rath steht der Zenshof f\u00fcr Tradition, Leidenschaft und echtes Handwerk. Nach dem deutschen Reinheitsgebot von 1516 brauen wir hier mit gr\u00f6\u00dfter Sorgfalt und Liebe zum Detail unsere beiden charaktervollen Biere: Jedes Glas erz\u00e4hlt die Geschichte unserer Leidenschaft f\u00fcr [&hellip;]<\/p>\n","protected":false},"author":1,"featured_media":0,"parent":0,"menu_order":0,"comment_status":"closed","ping_status":"closed","template":"elementor_canvas","meta":{"ocean_post_layout":"","ocean_both_sidebars_style":"","ocean_both_sidebars_content_width":0,"ocean_both_sidebars_sidebars_width":0,"ocean_sidebar":"","ocean_second_sidebar":"","ocean_disable_margins":"on","ocean_add_body_class":"","ocean_shortcode_before_top_bar":"","ocean_shortcode_after_top_bar":"","ocean_shortcode_before_header":"","ocean_shortcode_after_header":"","ocean_has_shortcode":"","ocean_shortcode_after_title":"","ocean_shortcode_before_footer_widgets":"","ocean_shortcode_after_footer_widgets":"","ocean_shortcode_before_footer_bottom":"","ocean_shortcode_after_footer_bottom":"","ocean_display_top_bar":"off","ocean_display_header":"off","ocean_header_style":"","ocean_center_header_left_menu":"","ocean_custom_header_template":"","ocean_custom_logo":0,"ocean_custom_retina_logo":0,"ocean_custom_logo_max_width":0,"ocean_custom_logo_tablet_max_width":0,"ocean_custom_logo_mobile_max_width":0,"ocean_custom_logo_max_height":0,"ocean_custom_logo_tablet_max_height":0,"ocean_custom_logo_mobile_max_height":0,"ocean_header_custom_menu":"","ocean_menu_typo_font_family":"","ocean_menu_typo_font_subset":"","ocean_menu_typo_font_size":0,"ocean_menu_typo_font_size_tablet":0,"ocean_menu_typo_font_size_mobile":0,"ocean_menu_typo_font_size_unit":"px","ocean_menu_typo_font_weight":"","ocean_menu_typo_font_weight_tablet":"","ocean_menu_typo_font_weight_mobile":"","ocean_menu_typo_transform":"","ocean_menu_typo_transform_tablet":"","ocean_menu_typo_transform_mobile":"","ocean_menu_typo_line_height":0,"ocean_menu_typo_line_height_tablet":0,"ocean_menu_typo_line_height_mobile":0,"ocean_menu_typo_line_height_unit":"","ocean_menu_typo_spacing":0,"ocean_menu_typo_spacing_tablet":0,"ocean_menu_typo_spacing_mobile":0,"ocean_menu_typo_spacing_unit":"","ocean_menu_link_color":"","ocean_menu_link_color_hover":"","ocean_menu_link_color_active":"","ocean_menu_link_background":"","ocean_menu_link_hover_background":"","ocean_menu_link_active_background":"","ocean_menu_social_links_bg":"","ocean_menu_social_hover_links_bg":"","ocean_menu_social_links_color":"","ocean_menu_social_hover_links_color":"","ocean_disable_title":"default","ocean_disable_heading":"default","ocean_post_title":"","ocean_post_subheading":"","ocean_post_title_style":"","ocean_post_title_background_color":"","ocean_post_title_background":0,"ocean_post_title_bg_image_position":"","ocean_post_title_bg_image_attachment":"","ocean_post_title_bg_image_repeat":"","ocean_post_title_bg_image_size":"","ocean_post_title_height":0,"ocean_post_title_bg_overlay":0.5,"ocean_post_title_bg_overlay_color":"","ocean_disable_breadcrumbs":"off","ocean_breadcrumbs_color":"","ocean_breadcrumbs_separator_color":"","ocean_breadcrumbs_links_color":"","ocean_breadcrumbs_links_hover_color":"","ocean_display_footer_widgets":"default","ocean_display_footer_bottom":"default","ocean_custom_footer_template":"","osp_disable_panel":"default","osh_disable_topbar_sticky":"default","osh_disable_header_sticky":"default","osh_sticky_header_style":"default","osh_sticky_header_effect":"","osh_custom_sticky_logo":0,"osh_custom_retina_sticky_logo":0,"osh_custom_sticky_logo_height":0,"osh_background_color":"","osh_links_color":"","osh_links_hover_color":"","osh_links_active_color":"","osh_links_bg_color":"","osh_links_hover_bg_color":"","osh_links_active_bg_color":"","osh_menu_social_links_color":"","osh_menu_social_hover_links_color":"","footnotes":""},"class_list":["post-11","page","type-page","status-publish","hentry","entry"],"_links":{"self":[{"href":"https:\/\/zenshof.info\/index.php\/wp-json\/wp\/v2\/pages\/11","targetHints":{"allow":["GET"]}}],"collection":[{"href":"https:\/\/zenshof.info\/index.php\/wp-json\/wp\/v2\/pages"}],"about":[{"href":"https:\/\/zenshof.info\/index.php\/wp-json\/wp\/v2\/types\/page"}],"author":[{"embeddable":true,"href":"https:\/\/zenshof.info\/index.php\/wp-json\/wp\/v2\/users\/1"}],"replies":[{"embeddable":true,"href":"https:\/\/zenshof.info\/index.php\/wp-json\/wp\/v2\/comments?post=11"}],"version-history":[{"count":77,"href":"https:\/\/zenshof.info\/index.php\/wp-json\/wp\/v2\/pages\/11\/revisions"}],"predecessor-version":[{"id":294,"href":"https:\/\/zenshof.info\/index.php\/wp-json\/wp\/v2\/pages\/11\/revisions\/294"}],"wp:attachment":[{"href":"https:\/\/zenshof.info\/index.php\/wp-json\/wp\/v2\/media?parent=11"}],"curies":[{"name":"wp","href":"https:\/\/api.w.org\/{rel}","templated":true}]}}